{"id":127,"date":"2021-11-15T10:17:31","date_gmt":"2021-11-15T15:17:31","guid":{"rendered":"https:\/\/clinicavasculardecali.com\/web\/?page_id=127"},"modified":"2021-12-15T13:25:43","modified_gmt":"2021-12-15T18:25:43","slug":"tratamiento-escleroterapia","status":"publish","type":"page","link":"https:\/\/clinicavasculardecali.com\/web\/tratamiento-escleroterapia\/","title":{"rendered":"Escleroterapia"},"content":{"rendered":"<div id=\"pl-127\"  class=\"panel-layout\" ><div id=\"pg-127-0\"  class=\"panel-grid panel-no-style\" ><div id=\"pgc-127-0-0\"  class=\"panel-grid-cell\" ><div id=\"panel-127-0-0-0\" class=\"so-panel widget widget_sow-image panel-first-child panel-last-child\" data-index=\"0\" ><div class=\"so-widget-sow-image so-widget-sow-image-default-d6014b76747a-127\">\n\n<div class=\"sow-image-container\">\n\t\t<img decoding=\"async\" src=\"https:\/\/clinicavasculardecali.com\/web\/wp-content\/uploads\/2021\/12\/escleroterapia-clinica-vascular.jpg\" width=\"800\" height=\"633\" srcset=\"https:\/\/clinicavasculardecali.com\/web\/wp-content\/uploads\/2021\/12\/escleroterapia-clinica-vascular.jpg 800w, https:\/\/clinicavasculardecali.com\/web\/wp-content\/uploads\/2021\/12\/escleroterapia-clinica-vascular-300x237.jpg 300w, https:\/\/clinicavasculardecali.com\/web\/wp-content\/uploads\/2021\/12\/escleroterapia-clinica-vascular-768x608.jpg 768w\" sizes=\"auto, (max-width: 800px) 100vw, 800px\" alt=\"\" loading=\"lazy\" \t\tclass=\"so-widget-image\"\/>\n\t<\/div>\n\n<\/div><\/div><\/div><div id=\"pgc-127-0-1\"  class=\"panel-grid-cell\" ><div id=\"panel-127-0-1-0\" class=\"so-panel widget widget_sow-editor panel-first-child panel-last-child\" data-index=\"1\" ><div class=\"so-widget-sow-editor so-widget-sow-editor-base\">\n<div class=\"siteorigin-widget-tinymce textwidget\">\n\t<p>Consiste en la aplicaci\u00f3n de sustancias qu\u00edmicas que act\u00faan en el endotelio vascular de la vena afectada (Telangiectacias), produciendo trombosis, fibrosis y posterior obliteraci\u00f3n. Este procedimiento se realiza basado en los consensos internacionales y las gu\u00edas internacionalmente aceptadas que definen el procedimiento como un tratamiento tan v\u00e1lido y efectivo como la cirug\u00eda tradicional para el tratamiento de la enfermedad varicosa.<\/p>\n<p><strong>Beneficios: <\/strong>Es un m\u00e9todo sencillo, efectivo y con bajas complicaciones para el paciente. Solamente el Cirujano Vascular Perif\u00e9rico es quien determina la indicaci\u00f3n de este tratamiento que puede ser no solamente est\u00e9tico, sino terap\u00e9utico en los casos de malformaciones arterio-venosas.<\/p>\n<\/div>\n<\/div><\/div><\/div><\/div><div id=\"pg-127-1\"  class=\"panel-grid panel-no-style\" ><div id=\"pgc-127-1-0\"  class=\"panel-grid-cell\" ><div id=\"panel-127-1-0-0\" class=\"widget_text so-panel widget widget_custom_html panel-first-child panel-last-child\" data-index=\"2\" ><div class=\"textwidget custom-html-widget\"><iframe loading=\"lazy\" width=\"100%\" height=\"350\" src=\"https:\/\/www.youtube.com\/embed\/P5znQaPJz30\" title=\"YouTube video player\" frameborder=\"0\" allow=\"accelerometer; autoplay; clipboard-write; encrypted-media; gyroscope; picture-in-picture\" allowfullscreen><\/iframe><\/div><\/div><\/div><\/div><\/div>","protected":false},"excerpt":{"rendered":"<p>Consiste en la aplicaci\u00f3n de sustancias qu\u00edmicas que act\u00faan en el endotelio vascular de la vena afectada (Telangiectacias), produciendo trombosis, fibrosis y posterior obliteraci\u00f3n. Este procedimiento se realiza basado en los consensos internacionales y las gu\u00edas internacionalmente aceptadas que definen el procedimiento como un tratamiento tan v\u00e1lido y efectivo como la cirug\u00eda tradicional para el [&hellip;]<\/p>\n","protected":false},"author":1,"featured_media":0,"parent":0,"menu_order":0,"comment_status":"closed","ping_status":"closed","template":"","meta":{"footnotes":""},"class_list":["post-127","page","type-page","status-publish","hentry"],"_links":{"self":[{"href":"https:\/\/clinicavasculardecali.com\/web\/wp-json\/wp\/v2\/pages\/127","targetHints":{"allow":["GET"]}}],"collection":[{"href":"https:\/\/clinicavasculardecali.com\/web\/wp-json\/wp\/v2\/pages"}],"about":[{"href":"https:\/\/clinicavasculardecali.com\/web\/wp-json\/wp\/v2\/types\/page"}],"author":[{"embeddable":true,"href":"https:\/\/clinicavasculardecali.com\/web\/wp-json\/wp\/v2\/users\/1"}],"replies":[{"embeddable":true,"href":"https:\/\/clinicavasculardecali.com\/web\/wp-json\/wp\/v2\/comments?post=127"}],"version-history":[{"count":15,"href":"https:\/\/clinicavasculardecali.com\/web\/wp-json\/wp\/v2\/pages\/127\/revisions"}],"predecessor-version":[{"id":222,"href":"https:\/\/clinicavasculardecali.com\/web\/wp-json\/wp\/v2\/pages\/127\/revisions\/222"}],"wp:attachment":[{"href":"https:\/\/clinicavasculardecali.com\/web\/wp-json\/wp\/v2\/media?parent=127"}],"curies":[{"name":"wp","href":"https:\/\/api.w.org\/{rel}","templated":true}]}}